{"id":110,"date":"2023-09-29T07:13:57","date_gmt":"2023-09-29T07:13:57","guid":{"rendered":"https:\/\/absa.es\/?page_id=110"},"modified":"2024-04-18T14:12:21","modified_gmt":"2024-04-18T14:12:21","slug":"calidad-y-sostenibilidad","status":"publish","type":"page","link":"https:\/\/absa.es\/index.php\/calidad-y-sostenibilidad\/","title":{"rendered":"Calidad y sostenibilidad"},"content":{"rendered":"\n<div class=\"wp-block-cover alignfull has-parallax\" style=\"min-height:400px;aspect-ratio:unset;\"><span aria-hidden=\"true\" class=\"wp-block-cover__background has-background-dim-20 has-background-dim\"><\/span><div class=\"wp-block-cover__image-background wp-image-183 has-parallax\" style=\"background-position:50% 50%;background-image:url(https:\/\/absa.es\/wp-content\/uploads\/2023\/09\/2-scaled.jpg)\"><\/div><div class=\"wp-block-cover__inner-container is-layout-constrained wp-block-cover-is-layout-constrained\">\n<p class=\"has-text-align-center has-x-large-font-size\">Calidad y sostenibilidad<\/p>\n<\/div><\/div>\n\n\n\n<div class=\"wp-block-cover alignfull is-light\" style=\"min-height:210px;aspect-ratio:unset;\"><span aria-hidden=\"true\" class=\"wp-block-cover__background has-background-dim-100 has-background-dim\" style=\"background-color:#f1f3e3\"><\/span><div class=\"wp-block-cover__inner-container is-layout-flow wp-block-cover-is-layout-flow\">\n<p class=\"has-text-align-center has-text-color has-background has-medium-font-size\" style=\"color:#6e5100;background-color:#f1f3e3\">La calidad y la utilizaci\u00f3n de los recursos de manera sostenible son constantes en nuestro d\u00eda a d\u00eda.<\/p>\n<\/div><\/div>\n\n\n\n<figure class=\"wp-block-image aligncenter size-large\"><img loading=\"lazy\" decoding=\"async\" width=\"1024\" height=\"135\" src=\"https:\/\/absa.es\/wp-content\/uploads\/2024\/04\/certificados-1024x135.png\" alt=\"\" class=\"wp-image-485\" srcset=\"https:\/\/absa.es\/wp-content\/uploads\/2024\/04\/certificados-1024x135.png 1024w, https:\/\/absa.es\/wp-content\/uploads\/2024\/04\/certificados-300x40.png 300w, https:\/\/absa.es\/wp-content\/uploads\/2024\/04\/certificados-768x101.png 768w, https:\/\/absa.es\/wp-content\/uploads\/2024\/04\/certificados-1536x203.png 1536w, https:\/\/absa.es\/wp-content\/uploads\/2024\/04\/certificados.png 1600w\" sizes=\"auto, (max-width: 1024px) 100vw, 1024px\" \/><\/figure>\n\n\n\n<div class=\"wp-block-cover alignfull is-light has-text-color\" style=\"color:#6e5100;min-height:109px;aspect-ratio:unset;\"><span aria-hidden=\"true\" class=\"wp-block-cover__background has-background-dim-100 has-background-dim\" style=\"background-color:#f1f3e3\"><\/span><div class=\"wp-block-cover__inner-container is-layout-constrained wp-block-cover-is-layout-constrained\">\n<p class=\"has-text-align-center has-text-color has-medium-font-size\" style=\"color:#6e5100\">Contamos con los certificados GOTS, OCS, GRS y RCS, adem\u00e1s del OEKO-TEX\u00ae STANDARD 100.<\/p>\n\n\n\n<hr class=\"wp-block-separator has-text-color has-alpha-channel-opacity has-background\" style=\"background-color:#6e5100;color:#6e5100\"\/>\n\n\n\n<p class=\"has-text-align-center has-text-color has-medium-font-size\" style=\"color:#6e5100\">La aplicaci\u00f3n de la sostenibilidad en nuestras instalaciones se materializa en la reutilizaci\u00f3n del agua en la etapa de preparaci\u00f3n, la utilizaci\u00f3n de energ\u00eda 100% procedente de fuentes renovables, la producci\u00f3n y gesti\u00f3n de vapor con m\u00ednima generaci\u00f3n de CO2 y el tratamiento completo de aguas residuales.<\/p>\n<\/div><\/div>\n","protected":false},"excerpt":{"rendered":"","protected":false},"author":1,"featured_media":0,"parent":0,"menu_order":0,"comment_status":"closed","ping_status":"closed","template":"","meta":{"site-sidebar-layout":"default","site-content-layout":"default","ast-global-header-display":"","ast-banner-title-visibility":"","ast-main-header-display":"","ast-hfb-above-header-display":"","ast-hfb-below-header-display":"","ast-hfb-mobile-header-display":"","site-post-title":"disabled","ast-breadcrumbs-content":"","ast-featured-img":"disabled","footer-sml-layout":"","theme-transparent-header-meta":"","adv-header-id-meta":"","stick-header-meta":"","header-above-stick-meta":"","header-main-stick-meta":"","header-below-stick-meta":"","footnotes":""},"class_list":["post-110","page","type-page","status-publish","hentry"],"_links":{"self":[{"href":"https:\/\/absa.es\/index.php\/wp-json\/wp\/v2\/pages\/110","targetHints":{"allow":["GET"]}}],"collection":[{"href":"https:\/\/absa.es\/index.php\/wp-json\/wp\/v2\/pages"}],"about":[{"href":"https:\/\/absa.es\/index.php\/wp-json\/wp\/v2\/types\/page"}],"author":[{"embeddable":true,"href":"https:\/\/absa.es\/index.php\/wp-json\/wp\/v2\/users\/1"}],"replies":[{"embeddable":true,"href":"https:\/\/absa.es\/index.php\/wp-json\/wp\/v2\/comments?post=110"}],"version-history":[{"count":9,"href":"https:\/\/absa.es\/index.php\/wp-json\/wp\/v2\/pages\/110\/revisions"}],"predecessor-version":[{"id":493,"href":"https:\/\/absa.es\/index.php\/wp-json\/wp\/v2\/pages\/110\/revisions\/493"}],"wp:attachment":[{"href":"https:\/\/absa.es\/index.php\/wp-json\/wp\/v2\/media?parent=110"}],"curies":[{"name":"wp","href":"https:\/\/api.w.org\/{rel}","templated":true}]}}