{"id":530,"date":"2025-06-13T09:42:36","date_gmt":"2025-06-13T09:42:36","guid":{"rendered":"https:\/\/absa.es\/?page_id=530"},"modified":"2025-06-13T09:52:20","modified_gmt":"2025-06-13T09:52:20","slug":"acabats","status":"publish","type":"page","link":"https:\/\/absa.es\/index.php\/ca\/acabats\/","title":{"rendered":"Acabats"},"content":{"rendered":"\n<div class=\"wp-block-cover alignfull has-parallax\" style=\"min-height:400px;aspect-ratio:unset;\"><span aria-hidden=\"true\" class=\"wp-block-cover__background has-black-background-color has-background-dim-30 has-background-dim\"><\/span><div role=\"img\" class=\"wp-block-cover__image-background wp-image-301 has-parallax\" style=\"background-position:50% 50%;background-image:url(https:\/\/absa.es\/wp-content\/uploads\/2023\/10\/acabats-scaled.jpg)\"><\/div><div class=\"wp-block-cover__inner-container is-layout-constrained wp-block-cover-is-layout-constrained\">\n<p class=\"has-text-align-center has-ast-global-color-5-color has-text-color has-large-font-size\">Acabados<\/p>\n<\/div><\/div>\n\n\n\n<div class=\"wp-block-cover alignfull\" style=\"min-height:149px;aspect-ratio:unset;\"><span aria-hidden=\"true\" class=\"wp-block-cover__background has-ast-global-color-0-background-color has-background-dim-100 has-background-dim\"><\/span><div class=\"wp-block-cover__inner-container is-layout-constrained wp-block-cover-is-layout-constrained\">\n<p class=\"has-text-align-center has-ast-global-color-1-color has-text-color has-medium-font-size\">Se puede obtener una amplia gama de acabados, tanto mec\u00e1nicos como qu\u00edmicos, mediante la combinaci\u00f3n de los diferentes procesos de los que disponemos. De este modo, es posible modificar la apariencia, el tacto o el comportamiento del tejido.<\/p>\n<\/div><\/div>\n\n\n\n<p>  <\/p>\n\n\n\n<div class=\"wp-block-media-text alignfull is-stacked-on-mobile has-ast-global-color-0-background-color has-background\" style=\"grid-template-columns:37% auto\"><figure class=\"wp-block-media-text__media\"><img loading=\"lazy\" decoding=\"async\" width=\"1024\" height=\"684\" src=\"https:\/\/absa.es\/wp-content\/uploads\/2023\/10\/D75_0331-1024x684.jpg\" alt=\"\" class=\"wp-image-303 size-full\" srcset=\"https:\/\/absa.es\/wp-content\/uploads\/2023\/10\/D75_0331-1024x684.jpg 1024w, https:\/\/absa.es\/wp-content\/uploads\/2023\/10\/D75_0331-300x200.jpg 300w, https:\/\/absa.es\/wp-content\/uploads\/2023\/10\/D75_0331-768x513.jpg 768w, https:\/\/absa.es\/wp-content\/uploads\/2023\/10\/D75_0331-1536x1025.jpg 1536w, https:\/\/absa.es\/wp-content\/uploads\/2023\/10\/D75_0331-2048x1367.jpg 2048w\" sizes=\"auto, (max-width: 1024px) 100vw, 1024px\" \/><\/figure><div class=\"wp-block-media-text__content\">\n<p class=\"has-ast-global-color-1-color has-text-color has-medium-font-size\">Los acabados mec\u00e1nicos se pueden obtener a trav\u00e9s de Rame, Sanfor, Tumbler, Esmeril, Percha, Tundosa y Calandra.<\/p>\n\n\n\n<p class=\"has-ast-global-color-1-color has-text-color has-medium-font-size\">Existe tambi\u00e9n un gran abanico de posibilidades respecto a la aplicaci\u00f3n de acabados<br>qu\u00edmicos: resinas, modificadores de tacto (suavizantes, siliconas,\u2026), modificadores de cuerpo, repelentes al agua y aceite, ign\u00edfugos y biocidas.<\/p>\n\n\n\n<p class=\"has-ast-global-color-1-color has-text-color has-medium-font-size\">La combinaci\u00f3n de estos hace que cada tejido de nuestros clientes presente un acabado<br>caracter\u00edstico.<\/p>\n<\/div><\/div>\n\n\n\n<p><\/p>\n","protected":false},"excerpt":{"rendered":"<p>Los acabados mec\u00e1nicos se pueden obtener a trav\u00e9s de Rame, Sanfor, Tumbler, Esmeril, Percha, Tundosa y Calandra. Existe tambi\u00e9n un gran abanico de posibilidades respecto a la aplicaci\u00f3n de acabadosqu\u00edmicos: resinas, modificadores de tacto (suavizantes, siliconas,\u2026), modificadores de cuerpo, repelentes al agua y aceite, ign\u00edfugos y biocidas. La combinaci\u00f3n de estos hace que cada tejido &hellip;<\/p>\n<p class=\"read-more\"> <a class=\"\" href=\"https:\/\/absa.es\/index.php\/ca\/acabats\/\"> <span class=\"screen-reader-text\">Acabats<\/span> Leer m\u00e1s &raquo;<\/a><\/p>\n","protected":false},"author":1,"featured_media":0,"parent":0,"menu_order":0,"comment_status":"closed","ping_status":"closed","template":"","meta":{"site-sidebar-layout":"default","site-content-layout":"default","ast-global-header-display":"","ast-banner-title-visibility":"","ast-main-header-display":"","ast-hfb-above-header-display":"","ast-hfb-below-header-display":"","ast-hfb-mobile-header-display":"","site-post-title":"disabled","ast-breadcrumbs-content":"","ast-featured-img":"","footer-sml-layout":"","theme-transparent-header-meta":"","adv-header-id-meta":"","stick-header-meta":"","header-above-stick-meta":"","header-main-stick-meta":"","header-below-stick-meta":"","footnotes":""},"class_list":["post-530","page","type-page","status-publish","hentry"],"_links":{"self":[{"href":"https:\/\/absa.es\/index.php\/wp-json\/wp\/v2\/pages\/530","targetHints":{"allow":["GET"]}}],"collection":[{"href":"https:\/\/absa.es\/index.php\/wp-json\/wp\/v2\/pages"}],"about":[{"href":"https:\/\/absa.es\/index.php\/wp-json\/wp\/v2\/types\/page"}],"author":[{"embeddable":true,"href":"https:\/\/absa.es\/index.php\/wp-json\/wp\/v2\/users\/1"}],"replies":[{"embeddable":true,"href":"https:\/\/absa.es\/index.php\/wp-json\/wp\/v2\/comments?post=530"}],"version-history":[{"count":1,"href":"https:\/\/absa.es\/index.php\/wp-json\/wp\/v2\/pages\/530\/revisions"}],"predecessor-version":[{"id":531,"href":"https:\/\/absa.es\/index.php\/wp-json\/wp\/v2\/pages\/530\/revisions\/531"}],"wp:attachment":[{"href":"https:\/\/absa.es\/index.php\/wp-json\/wp\/v2\/media?parent=530"}],"curies":[{"name":"wp","href":"https:\/\/api.w.org\/{rel}","templated":true}]}}